 2.
8
(5 - 0) + (-4 - -6) + -2
5
What is the value of (1 - ((-2 - -1) + 3)) + 4?
3
What is -9 + 13 + -1 + -5?
-2
Evaluate -3 - (-2 - (0 - 2)).
-3
-12 - -5 - -8 - (-7 - -1)
7
-1 + -1 + 1 - 4
-5
What is (10 - 2) + -23 + 17?
2
Calculate (1 + (1 - 2) - 2) + 6.
4
What is (4 - (9 - 5 - 4)) + 0?
4
What is the value of -3 + (5 - (-5 - -9))?
-2
9 - ((7 - -14) + -7)
-5
What is the value of (8 - 5 - 1) + -4?
-2
What is -30 + 32 + (-4 - 1) - -3?
0
What is -2 - (-18 - -16 - (-4 - -2))?
-2
What is 7 - (7 + 4) - -8?
4
What is the value of -5 + 1 - (-12 + 1) - 4?
3
Calculate -7 + 0 + (5 - 3).
-5
What is 8 - (-8 + 6 + 4)?
6
Calculate -10 - (-3 + -4) - 1.
-4
What is -2 + -1 + (6 - -1)?
4
What is 3 - ((-11 - -5) + 0 + 4)?
5
5 + -10 - (2 + -3)
-4
What is the value of 7 - 3 - (-1 + 1)?
4
Calculate 1 + (-1 - 2) + 7.
5
Calculate 9 - (3 - 6 - (5 - 13)).
4
Evaluate (0 - (0 - 4) - 0) + -5.
-1
What is (3 - (4 - 5)) + 0?
4
Calculate (1 - 13) + 1 + 752 + -744.
-3
Evaluate 3 - (-4 + 5 - (-2 + -1)).
-1
Evaluate (3 - 1) + -95 + 100 + 1.
8
Evaluate -7 + (6 - 1) - -5.
3
Evaluate 0 + (1 - 5) + (-2 - -4).
-2
What is (0 - 1) + -1 + 0?
-2
Evaluate -10 + 4 + 5 + -12 + 6.
-7
What is (3 - 3) + (7 - 9) + -1?
-3
What is 4 - ((0 - -6) + -3 + -3)?
4
What is the value of (-2 - -3) + (6 - 7) - -4?
4
Calculate 7 + -1 + (2 - 5 - 1).
2
(1 - (-3 + 5)) + (1 - -3)
3
Calculate -10 - -5 - 1 - (6 + -10).
-2
Evaluate -4 + (-2 - (-4 + -2)).
0
0 + -1 + 149 + -142
6
Evaluate -25 + 28 - (10 - (2 - -1)).
-4
What is the value of -2 + -2 + (-2 - -2) + 0?
-4
What is the value of (3 - -3 - -1) + -9?
-2
What is 2 - (5 + 2) - 0?
-5
What is 1 - (2 + -2) - -2?
3
What is the value of -5 + 5 + (-4 - -6)?
2
Calculate -4 + (-2 - -4) + 1 - 3.
-4
Evaluate 2 + -1 + -1 - -1 - -3.
4
What is 1 + 6 - 6 - (0 - 4)?
5
What is the value of -4 + (-4 + 4 + 3 - 4)?
-5
What is -4 - (-6 + 6) - -1?
-3
Calculate 4 - 7 - (-11 - -4).
4
What is -10 + 4 + 2 - -7?
3
Calculate 0 - (4 - 1) - -5.
2
What is (0 - -9) + -16 + (-1 - -6)?
-2
6 - (3 + -3 + -1 + 4)
3
What is 0 - -4 - (2 + -3 + 6)?
-1
(-4 - (-3 + 6)) + 5
-2
Calculate (4 - (4 + 3)) + -2.
-5
What is 0 + 0 - (-13 + -1 + 13)?
1
Evaluate (14 - 15) + (-2 - (-3 + 3)).
-3
Calculate -3 + 4 + -4 + -5.
-8
7 + 2 + (-14 - -4)
-1
What is 0 + -2 + 4 - 5?
-3
What is 5 + (-7 - (6 - 12))?
4
5 + (-2 - 5) + 3
1
-1 + (-7 - (-3 - 1) - -8)
4
What is 7 + (1 - 7) + 2 + 1?
4
-1 - -3 - (48 - 19 - 17)
-10
Calculate -1 - -3 - (-11 + 15 - 3).
1
Calculate (1 - (2 + 3)) + 1.
-3
(5 - 8) + 12 + -2 + 0
7
Calculate -6 + -7 + 3 + 8.
-2
What is the value of 2 + 2 + -1 - -1?
4
What is the value of -2 + (-6 - -9 - 6)?
-5
What is the value of 0 - -5 - (-141 - -150)?
-4
What is (4 - 8) + 4 + -1 + -5?
-6
Calculate -4 + 12 + (-12 - -5).
1
What is 0 + 4 + -4 + (1 - -1)?
2
Evaluate 4 + -1 + -5 - (3 + -1).
-4
5 + (-3 - (-1 - -1))
2
What is 1 + 2 + 5 + -6?
2
9 - 12 - -4 - -5
6
What is the value of 3 + -6 - (-2 - 1 - 2)?
2
-2 + 2 + -1 + 0 + 2
1
Evaluate 3 + 3 + -8 + 6.
4
(-4 - -13) + (1 - (-2 + 7))
5
Evaluate -1 - -1 - (-2 - 2).
4
What is the value of (10 - 6) + (-11 - (1 + -3))?
-5
What is 3 - (11 - 3 - 0)?
-5
Evaluate (-7 - -4) + (5 - 1) + 0.
1
What is (-17 - -14) + 2 + -1?
-2
What is (9 - 3) + -8 + 8 - 7?
-1
Calculate -3 - -4 - 4 - -6.
3
-3 + 3 - 6 - (2 + -1)
-7
-5 + 4 + -1 - (2 - 1)
-3
What is the value of 1 + 13 - 3 - 5?
6
Calculate (3 - 5) + (0 - 2).
-4
10 - (5 + -1 + 1) - 2
3
What is (-16 - -7) + 20 - 3?
8
What is 3 - (1 + 13 + (-3 - 3))?
-5
What is -1 + 6 + (-30 - -31)?
6
What is -9 - (-3 - (3 + 1))?
-2
Calculate (1 - 3) + (6 - 10 - -7).
1
Calculate 9 - ((-19 - -10) + 24).
-6
What is 0 - -3 - (-1 - (1 + 0))?
5
(0 - (-10 + 4)) + -5
1
What is the value of (5 - -2 - 2) + -96 + 90?
-1
What is the value of (-1 - -6) + 17 + -14?
8
What is -6 + (6 - (5 + -3)) + 6?
4
What is (-9 + 4 - -14) + -7?
2
Calculate -2 - (5 + -14 + 6 + -1).
2
-1 - 5 - (-85 + 83)
-4
What is the value of 0 + -7 + (-1 - -4)?
-4
Calculate -6 + (0 + -4 - -6).
-4
Evaluate 0 + (-4 - ((3 - 4) + 1)).
-4
What is 6 + (5 + -12 - -2) + 1?
2
Calculate -8 + 2 + 10 + (-9 - 1).
-6
What is the value of -7 + -3 - (9 - 23)?
4
47 + -52 + (-1 - -9)
3
2 + -9 + 27 + -15
5
-2 + 9 - (3 + (-1 - 1))
6
What is 2 + (-2 - -1) - 4?
-3
Calculate -15 + 23 - (6 + -2 + 0).
4
What is the value of (5 - (1 + -4 + 1)) + -4?
3
Evaluate 1 + 2 + 1 + -4.
0
What is the value of 0 + -3 - (-8 - -1)?
4
What is the value of -4 + (-3 + 5 - 3) + 1?
-4
1 + 3 + -7 - (1 + -2)
-2
(-3 - (-9 + (5 - 1))) + -4
-2
What is the value of 7 + (0 - (-7 + 8 + -2))?
8
What is 5 + -12 - (-3 - 1)?
-3
Calculate (-4 - -6) + -14 - -19.
7
Calculate (-32 - -9) + 29 - (-1 + 7).
0
What is the value of 3 + 3 - (7 - (1 - -3))?
3
4 - ((-2 - -5) + -3)
4
Calculate 1 + (-1 - 0) - -5.
5
-5 - (-1 + (0 + -5 - 0))
1
Evaluate -72 - -80 - (1 + 9).
-2
Calculate (-2 - -1) + 64 + -61 - -5.
7
What is (-3 - 7) + 3 + (-2 - -4)?
-5
Evaluate 1 + -14 + (42 - 33).
-4
7 + -8 + (-1 - 1 - 0)
-3
Evaluate -5 - -2 - (-5 + 13 - 6).
-5
What is the value of 5 - ((3 - 0) + 2)?
0
What is the value of (-5 - 0) + 0 + 2?
-3
Calculate -1 + 1 + 4 - 6.
-2
What is the value of -185 + 177 - (-17 - (-1 + 3))?
11
Evaluate -5 - -8 - (-3 - -2 - -3).
1
What is -2 + 1 + -1 + -1 + -1?
-4
Evaluate -5 - 1 - (2 - (6 - 1)).
-3
-10 + (19 + -24 - (0 + -9))
-6
Calculate -1 - (-1 + -3) - -4 - 3.
4
What is (-3 + 1 - (-5 + 0)) + -7?
-4
Evaluate -1 + (2 - 5) + 2 + -3.
-5
What is 9 - 6 - (2 - (-2 - -5))?
4
Calculate -2 + -1 + (2 + 4 - 3).
0
Evaluate -17 + 7 - -2 - -17.
9
Evaluate -86 - -73 - (-20 + -2).
9
Calculate 11 + -3 + (-15 - -7) + 2.
2
Evaluate (1 - 3) + (18 - 9).
7
What is -7 + (1 - (2 - (1 + 2)))?
-5
2 + (0 - -3) + -7 + -3
-5
What is 6 + -2 + 3 + -9?
-2
What is 3 - (-1 - (-9 - 0))?
-5
What is the value of -1 + 11 - (-96 - -103)?
3
Evaluate 5 + -4 + (-3 - -7).
5
What is (-6 - -4 - 0) + 2?
0
7 + (9 - 2 - 12)
2
Calculate -3 - (2 - 0) - -4.
-1
What is -3 + 1 + (-9 + 3 - -3)?
-5
What is 6 + (2 + -4 - (-1 + 1))?
4
4 + (2 - 1) + 0
5
What is -2 - -8 - 7 - (1 + -1)?
-1
Calculate 5 + -4 - -1 - (4 - 6).
4
What is 2 - (-12 + 19 + -5)?
0
What is the value of 3 + (0 - (0 + -5 - -4))?
4
Evaluate -12 + -3 + 2 - -5.
-8
Calculate (-2 + 6 - 0) + -6.
-2
3 + (-5 - (-8 + 2 + 2))
2
What is the value of 2 + (-15 - -17) + -11?
-7
Evaluate 5 + (1 - (8 - -2)) + 5.
1
Calculate 0 - (-1 + 4 - -2).
-5
What is (-2 - -7) + -3 - 7?
-5
Calculate (19 - -2) + (-140 - -128).
9
(-26 - (-3 + -10)) + -1 + 7
-7
Evaluate 1 + -6 + 2 + -2.
-5
(-10 - (-9 - (5 + -8))) + 5
1
What is the value of 0 + (-9 - (-9 - -4))?
-4
Evaluate 1 + -6 + -3 + (5 - -1).
-2
Evaluate (8 - 9 - 5) + (1 - 2).
-7
Evaluate (2 - 10 - 4) + 8.
-4
Evaluate 13 + -2 - (0 - (4 - 9)).
6
What is (4 + 4 + -7 - -3) + 0?
4
Calculate (-151 - -150) + (5 - 0).
4
What is -3 + 6 + (-4 - (0 + 0))?
-1
(-2 - (-9 + 12)) + 11
6
Calculate 1 + 5 + -7 + 5.
4
(-4 - 6) + 1 + 4
-5
What is (-34 - -17) + 29 - (5 - 2)?
9
What is the value of -4 - ((1 - (1 - 3)) + -4)?
-3
Calculate (-4 - (-18 + 8)) + (-16 - -1).
-9
Evaluate (0 - -2) + 2 + 0.
4
(7 - 13) + 8 - 1
1
Evaluate -4 - 0 - (-6 + 14 - 9).
-3
Calculate 2 - -2 - (-10 + 9).
5
What is -4 + (-4 - -2 - -4) - -5?
3
What is 5 - 10 - (0 - -2)?
-7
Calculate 45 + -63 + (-1 - -9).
-10
What is the value of -9 + -17 + 13 + 4?
-9
Calculate -4 + (-4 - -8) - (5 + -3).
-2
-6 + 4 + -1 - -2 - -6
5
What is (-1 - 3) + 2 - -9?
7
-1 - (1 + -3 + -11 + 16)
-4
What is 4 + -8 + (-1 - -6)?
1
What is (2 - 8) + (3 - (4 - 5))?
-2
-6 - ((-1 - 12) + 11)
-4
Calculate 19 + -19 + (1 - -1).
2
What is (-3 - -4) + -1 + (7 - 3)?
4
Evaluate (1 - (7 + 4 + -6)) + -1.
-5
Calculate (85 - 75) + 0 + -19.
-9
-2 - (-12 + 4) - (3 - 0)
3
-1 + -4 + (4 - 1)
-2
Evaluate 3 - (4 + (0 - 1)).
0
1 - 2 - (-7 + 5 + 3)
-2
Evaluate -3 + 0 + 1 + 18 + -11.
5
Calculate 14 + 5 + -13 + -1.
5
Calculate (0 - 3) + 107 + -101.
3
Calculate 6 + -17 - (2 + -8).
-5
73 - 68 - (10 - -2)
-7
What is the value of (-4 - -10) + -3 - -2?
5
What is (3 + -5 - -4) + -9?
-7
-2 + (45 - 43) + 1 + -5
-4
What is the value of 17 - 13 - (-5 + 14)?
-5
-13 + -20 + 17 + 0 + 8
-8
-3 + -2 + (1 - -5)
1
What is 1 - (-1 + 1) - -1?
2
Calculate -3 + 0 - (-8 - -6).
-1
(9 - -11) + -1 + -11
8
(-7 - (-2 - 2)) + -1
-4
6 + (-6 - -3) + 1
4
Calculate -50 + 62 - (-3 - -11).
4
-9 + 16 + (4 + 0 - 10)
1
What is the value of -2 + -3 + -1 